 the prime factors of x.
9631
Let l(v) = -v**3 + 4*v**2 + 2*v - 4. Let o be l(4). Let c = o + 1. Suppose 0 = -4*g + c*h + 431, g + 2*g - 3*h = 321. What are the prime factors of g?
2, 13
Let m(w) = -w**3 - 11*w**2 - 3*w - 29. Let p be m(-13). Suppose -762 = p*a - 350*a. What are the prime factors of a?
3, 127
Let n(p) = 692*p + 90. Let l be n(5). Suppose -10*u + 10770 + l = 0. List the prime factors of u.
2, 179
Let w = 475 - 473. List the prime factors of ((-10)/w + 4)/(2/(-1058)).
23
Suppose -5*i - 460 = -4*v, 5*i - 521 = -5*v + 99. Let g(a) = 19*a**2 - 59*a + 179. Let x be g(3). Let o = x - v. What are the prime factors of o?
53
Let f(i) = -i**3 + 10*i**2 - 11*i + 3. Let q be f(9). Let y = q - -25. Suppose c + 243 = y*c. What are the prime factors of c?
3
Let m = -2 - 13. Let x = m + 20. Let q(j) = -2*j + 12. What are the prime factors of q(x)?
2
Let k(b) = -6*b**3 - 2*b**2 - 2*b + 12. Let g be k(4). Let p = 1 - 3. What are the prime factors of p/(-1)*g/(-8)?
103
Suppose -4*y - 19 = 3*w - 45, 14 = 2*w + y. Suppose 4*a - 2*u - 164 = 0, a - 3*u = w*a - 216. Suppose 2*x = -x + a. What are the prime factors of x?
2, 7
Let l be (105/(-875))/((-1)/25). Suppose -2*y - y = 0. Suppose -l*q + 5*t + 54 - 9 = y, 3*t = -q + 1. List the prime factors of q.
2, 5
Suppose 5*b + x - 20 = 0, -5*x - 22 = 2*b - 30. Suppose -b*m + 44 + 72 = 0. List the prime factors of m.
29
Let j be (-4)/(-22) + 1333/473 - -3508. Suppose 4*l - 7*l - 2112 = -3*c, -4*l + j = 5*c. List the prime factors of c.
19, 37
Let b(y) = 11 + 7*y**2 - 5*y**2 - 2 - 12*y + 1. What are the prime factors of b(-9)?
2, 5, 7
Suppose 9 = 5*c - 2*y, -5*c + 3*y = 4*y - 18. Suppose -4*d = c*d - 217. Let z = d + -27. What are the prime factors of z?
2
Let b = 39 - 39. Let t be -8*(1/(-2) - b). Suppose 4*l + d = 203, 0*d = -3*l + t*d + 176. What are the prime factors of l?
2, 13
Suppose -1998*o + 1971*o = -551016. What are the prime factors of o?
2, 2551
Suppose 2088 + 8367 = -41*a. Let s = 775 + a. List the prime factors of s.
2, 5, 13
Let y(c) = -825*c + 4277. What are the prime factors of y(-21)?
2, 7, 1543
Let o be (-24)/(-14)*252/(-72). Suppose 2*l - 13 = 5*a, 3*a + 4*l = 5*a + 18. List the prime factors of (-162)/o + (1 - 1) + a.
2, 13
Let k(j) be the third derivative of j**4/24 - 5*j**3/6 - 8*j**2. Let s be k(7). Suppose -s*l = 3*g - 31, 4*g - 2*l - 5 - 41 = 0. List the prime factors of g.
11
Let u be (3 - 3) + (-126)/(-14). Let j(o) = -o**3 + 23*o**2 - 6*o + 5. What are the prime factors of j(u)?
5, 7, 31
Let x = -57239 - -80201. List the prime factors of x.
2, 3, 43, 89
Suppose 0 = -1170*g + 1171*g - 2069. Suppose 4*j - g = 387. List the prime factors of j.
2, 307
Let o = -16821 - -33102. What are the prime factors of o?
3, 67
Suppose 47 + 57 = 26*q. Suppose j - 7*n + q*n = 75, -2*j - 5*n = -117. List the prime factors of j.
2, 3, 11
List the prime factors of 26383 + -6 + (-32)/8 + -11.
2, 7, 269
Let h = 25187 - 14295. What are the prime factors of h?
2, 7, 389
Let z(n) = 39*n**2 + 13*n + 97. Suppose -2*l + 23 = -5*l + j, 4*l - 2*j + 34 = 0. What are the prime factors of z(l)?
1423
Let m be 25*(-3 - 17/(-6))*-6. Suppose 7*g = -67 + m. List the prime factors of g/(((-2)/(-17))/(-2))*1.
2, 3, 17
Let l(j) = 100*j**2 - 17*j + 38. Let o be l(3). Suppose -2391 = -11*m + o. What are the prime factors of m?
2, 149
Suppose -h + 5*d + 10 = 0, 4*h + 4*d + 8 - 24 = 0. Suppose -3*f = -3*z + 267, h*z + 2*f - 3*f - 457 = 0. Let c = 82 + z. List the prime factors of c.
2, 3, 29
List the prime factors of ((-26344)/(-3) + -2)*(-21)/28*-4.
2, 13, 1013
Let j = 26 - 26. Let q be -200*(-2 - j/(-2))/4. Suppose -y = -3*x + q, -3*x + 5*y + 89 = 9. What are the prime factors of x?
5, 7
Let j = -31 + 35. Suppose -4*p - 2*a + 3004 = -3*a, j*p = 4*a + 2992. What are the prime factors of 1/7 - p/(-28)?
3
Suppose 235*o - 116*o = 122*o - 75744. List the prime factors of o.
2, 3, 263
Let o be 2 + -3 + 10 + -7. List the prime factors of 2/o*(6 - -19).
5
Let u = -245 + 600. Let p = u + 347. What are the prime factors of p?
2, 3, 13
Suppose -v + 2*o + 3 = -10, 4*v + 5*o = 0. Suppose -309 = -2*i - f - 79, 3*f = -v*i + 575. List the prime factors of i.
5, 23
Suppose 0 = -5*m + 18 + 12. Let z(x) = -x**3 + 8*x**2 - 10*x - 8. Let y be z(m). Suppose 0 = 14*o - y*o - 510. What are the prime factors of o?
3, 17
Let l(g) = -176*g**3 + 8*g**2 + 15*g + 20. List the prime factors of l(-4).
2, 3, 11, 43
List the prime factors of (-245939087)/(-2983) + (-2)/(-19).
29, 2843
Suppose -2*o + 120 = 2*t, -t + 72 = -0*t - 2*o. What are the prime factors of (3*1)/((-48)/t) - -592?
2, 3, 7
Let i = 72 - 70. Let r be (i + 8/(-4))/2. Suppose r*g - 4*g - 9 = -5*p, -3*g + p + 7 = 0. List the prime factors of g.
2
Suppose 3*k - 31460 + 6425 = -r, -2*r = 3*k - 25032. What are the prime factors of k?
2, 3, 13, 107
Suppose -26*k = -30*k + 14668. What are the prime factors of k?
19, 193
Let r(l) be the second derivative of 9*l**5/20 - l**4/4 - 7*l**3/6 - 2*l**2 - 7*l. Let i be r(-3). Let p = -181 - i. What are the prime factors of p?
2, 3
Let m(u) = u**3 + u**2 + 7*u + 1320. Let x = 951 - 951. What are the prime factors of m(x)?
2, 3, 5, 11
Suppose 90034 = -358*l + 349226. List the prime factors of l.
2, 181
Let x(u) = -u**3 - 3*u**2 + 3*u - 7. Let y(j) = -2*j**2 - 10*j - 4. Let l be y(-5). Let k be x(l). List the prime factors of 77 - k/((-6)/2).
2, 19
Let d(c) = -c**3 - 28*c**2 + 151*c + 111. What are the prime factors of d(-35)?
19, 179
Let n = -338 - -343. List the prime factors of 220 - (-4 + (1 - -9 - n)).
3, 73
Let b be 1*((6 - -3) + 2) + -1. Suppose 22*m + 3*g = 25*m - 3099, 0 = 2*g + b. List the prime factors of m.
2, 257
Suppose -50*c + 19*c = 25*c - 218400. What are the prime factors of c?
2, 3, 5, 13
Let d(g) = 3*g**2 - 13*g - 14. Let y be d(7). Suppose -y + 194 = u. What are the prime factors of u?
2, 19
Let a(m) = -m + 33. Let o be a(18). Let y be ((-440)/(-12))/((-5)/o). Let c = 191 + y. What are the prime factors of c?
3
Let f(m) = -2*m**2 - 13*m + 2. Let w be f(-6). Suppose 426 = w*g - 5*g. What are the prime factors of g?
2, 71
Suppose 431*j + 2*h - 25422 = 430*j, 3*j = -2*h + 76274. What are the prime factors of j?
2, 12713
What are the prime factors of ((-52)/(-20) + -3)*(4 - 378054/6)?
2, 12601
Let n = 58 + 146. Let i = 310 - n. What are the prime factors of i?
2, 53
Suppose 5*k + a + a = -56, 39 = -3*k - 3*a. What are the prime factors of 4 - (-165 - (k - -4))?
163
List the prime factors of 15/(-40) + 2063372/160*5.
2, 5, 13, 31
Let p = 3181 + -1766. List the prime factors of p.
5, 283
Let q be 15/(0 - 3) - (-8 + -316). Let u = 102 + q. What are the prime factors of u?
421
Suppose -y = -28 + 28. Suppose 0 = -3*n - 2*x + 1545, -n + y*n + 2*x = -515. What are the prime factors of n?
5, 103
Let v(x) = 25*x - 351. Let o be v(14). List the prime factors of 2 + 1328 + o*(-5 + -1).
2, 167
Suppose s + 14481 = 4*b - 179301, -2*b + s + 96894 = 0. List the prime factors of b.
2, 3, 11, 367
Suppose 4*c + 4 - 44 = 0. Suppose -14*r + 40 = -c*r. Suppose 5*a = r, p - 5*a = -4*p + 35. List the prime factors of p.
3
Let f = 38186 - 16396. What are the prime factors of f?
2, 5, 2179
Suppose -29*k + 101310 = -114218. List the prime factors of k.
2, 929
Let a be ((-15)/4)/((-75)/100). Suppose 0 = a*b + 2*k - 1431, -3*b + 632 + 211 = -4*k. List the prime factors of b.
3, 5, 19
Let w = -59 + 75. Suppose -11*q - 1760 = -w*q. What are the prime factors of q?
2, 11
List the prime factors of 61209/2 + 80/(-32).
2, 11, 13, 107
Suppose 0 = -2*p - 3*j + 35 + 28, -10 = -2*j. Suppose -2032 = -4*z - 2*w, -3*z - w - p = -1546. List the prime factors of z.
2, 11, 23
Let n = -71 + -16. Let l = 89 + n. Suppose -147 = -3*d - 3*y + 228, l = 2*y. What are the prime factors of d?
2, 31
Suppose 10*t - 109 = 101. Let j = t + -17. Suppose 138 = -2*l + j*l. What are the prime factors of l?
3, 23
Let h = -2664 - -3061. What are the prime factors of h?
397
Let x = -13 - -9. Let f be (-46215)/(-18) - 2/x. List the prime factors of (2 - (-5)/(-3)) + f/18.
11, 13
Let f(g) = -19*g**2 - 2*g + 1. Let m be f(1). Let x be 18*45/m*2. Let b = x - -102. List the prime factors of b.
3, 7
Let v = 71 - 55. Suppose 63*b = 59*b + v. Suppose -142 = -0*c - c + q, -b*c + q + 568 = 0. What are the prim